to base 4
0
What is -222 (base 3) in base 2?
-11010
Convert -29b (base 12) to base 3.
-120002
Convert -11 (base 2) to base 3.
-10
What is 85 (base 16) in base 15?
8d
What is -5 (base 9) in base 14?
-5
What is -2 (base 11) in base 4?
-2
What is -1214 (base 6) in base 9?
-361
Convert 30 (base 9) to base 15.
1c
What is 31 (base 7) in base 3?
211
What is -10000111 (base 2) in base 4?
-2013
Convert -84 (base 10) to base 4.
-1110
Convert 2 (base 3) to base 5.
2
Convert 64 (base 10) to base 8.
100
What is 1 (base 11) in base 4?
1
Convert -10221 (base 4) to base 2.
-100101001
111000 (base 2) to base 8
70
What is 0 (base 6) in base 11?
0
-a (base 14) to base 6
-14
What is 12 (base 3) in base 6?
5
-d1 (base 16) to base 15
-de
What is 19 (base 15) in base 11?
22
What is 10 (base 5) in base 6?
5
-11 (base 14) to base 13
-12
-232 (base 4) to base 6
-114
-24 (base 6) to base 5
-31
Convert -87 (base 11) to base 9.
-115
Convert 1b6 (base 14) to base 13.
215
Convert -b0 (base 13) to base 11.
-120
2 (base 9) to base 11
2
-4 (base 7) to base 16
-4
Convert -1101111 (base 2) to base 7.
-216
What is 88 (base 11) in base 16?
60
1d (base 16) to base 13
23
What is 2a (base 14) in base 16?
26
-4c (base 16) to base 13
-5b
Convert -27 (base 16) to base 2.
-100111
What is -14 (base 12) in base 15?
-11
What is -1000101 (base 2) in base 8?
-105
-25 (base 12) to base 6
-45
-8 (base 10) to base 4
-20
Convert -4 (base 6) to base 7.
-4
Convert 2122 (base 3) to base 6.
155
What is -121 (base 5) in base 14?
-28
-20 (base 4) to base 5
-13
Convert -11 (base 2) to base 8.
-3
0 (base 6) to base 13
0
-333 (base 5) to base 7
-162
0 (base 3) to base 4
0
What is 1 (base 16) in base 12?
1
What is 84 (base 14) in base 13?
8c
3 (base 11) to base 13
3
-304 (base 5) to base 7
-142
50 (base 6) to base 3
1010
Convert 0 (base 14) to base 3.
0
Convert -245 (base 9) to base 13.
-128
Convert 12 (base 4) to base 11.
6
Convert 19 (base 13) to base 14.
18
-142 (base 9) to base 14
-87
What is 232 (base 7) in base 12?
a1
-23 (base 12) to base 6
-43
Convert -2 (base 11) to base 7.
-2
Convert -43 (base 7) to base 16.
-1f
What is 1 (base 2) in base 5?
1
Convert -3 (base 5) to base 14.
-3
What is -3 (base 12) in base 3?
-10
-31 (base 5) to base 16
-10
What is a (base 13) in base 14?
a
Convert -42 (base 6) to base 13.
-20
203 (base 7) to base 9
122
What is 14 (base 6) in base 5?
20
2110 (base 5) to base 11
235
What is 0 (base 3) in base 12?
0
-24 (base 10) to base 13
-1b
-196 (base 10) to base 6
-524
36 (base 9) to base 7
45
103 (base 8) to base 10
67
Convert -84 (base 10) to base 7.
-150
What is -1 (base 8) in base 11?
-1
What is 54 (base 6) in base 5?
114
-5 (base 12) to base 5
-10
Convert -6 (base 10) to base 15.
-6
-111110 (base 2) to base 7
-116
Convert 189 (base 11) to base 3.
22002
222 (base 7) to base 15
79
What is -52 (base 10) in base 2?
-110100
What is -2 (base 15) in base 8?
-2
Convert -101 (base 3) to base 14.
-a
12 (base 14) to base 5
31
-4 (base 8) to base 4
-10
12 (base 4) to base 3
20
1 (base 15) to base 3
1
Convert -14 (base 6) to base 12.
-a
What is 24 (base 7) in base 3?
200
What is 7c (base 14) in base 4?
1232
Convert 31 (base 5) to base 3.
121
What is 0 (base 6) in base 16?
0
-5 (base 8) to base 11
-5
What is -102 (base 6) in base 8?
-46
Convert 1123 (base 4) to base 10.
91
11 (base 4) to base 9
5
Convert -5 (base 12) to base 13.
-5
1 (base 12) to base 6
1
Convert 2 (base 4) to base 3.
2
Convert -1 (base 7) to base 8.
-1
What is -13 (base 7) in base 14?
-a
What is 227 (base 10) in base 2?
11100011
-15b (base 13) to base 3
-100002
1 (base 15) to base 7
1
Convert -2 (base 10) to base 9.
-2
2 (base 7) to base 12
2
Convert -3 (base 6) to base 5.
-3
What is -58 (base 11) in base 8?
-77
Convert 6 (base 15) to base 2.
110
30 (base 6) to base 16
12
What is 10101000 (base 2) in base 15?
b3
What is -1 (base 5) in base 15?
-1
What is -100 (base 2) in base 14?
-4
Convert -3 (base 15) to base 16.
-3
What is 140 (base 5) in base 12?
39
Convert 17 (base 9) to base 16.
10
Convert -11 (base 7) to base 5.
-13
What is 1 (base 7) in base 11?
1
-115 (base 8) to base 15
-52
What is 103 (base 4) in base 16?
13
What is 21 (base 4) in base 5?
14
Convert -1 (base 12) to base 15.
-1
What is 13 (base 14) in base 4?
101
Convert -1 (base 14) to base 2.
-1
Convert -203 (base 4) to base 2.
-100011
What is 2 (base 6) in base 14?
2
-1044 (base 7) to base 14
-1cb
What is -2b (base 16) in base 3?
-1121
-45 (base 8) to base 6
-101
Convert 110111 (base 2) to base 3.
2001
7 (base 8) to base 13
7
-1 (base 14) to base 11
-1
What is 66 (base 10) in base 3?
2110
What is 23 (base 16) in base 10?
35
31 (base 6) to base 9
21
Convert 4 (base 9) to base 7.
4
What is -3 (base 15) in base 8?
-3
Convert -121 (base 7) to base 11.
-59
Convert 25 (base 6) to base 15.
12
What is -32 (base 8) in base 3?
-222
Convert -340 (base 5) to base 6.
-235
What is -11200 (base 4) in base 14?
-1b2
Convert -4 (base 12) to base 7.
-4
5 (base 7) to base 14
5
Convert -2 (base 3) to base 11.
-2
-283 (base 10) to base 6
-1151
42 (base 7) to base 16
1e
1 (base 10) to base 2
1
10 (base 2) to base 6
2
Convert -66 (base 10) to base 5.
-231
Convert -410 (base 5) to base 16.
-69
-1000 (base 2) to base 3
-22
Convert 10 (base 10) to base 16.
a
What is -10 (base 2) in base 3?
-2
What is 0 (base 9) in base 12?
0
What is a (base 11) in base 5?
20
Convert 16 (base 11) to base 13.
14
Convert -8 (base 11) to base 10.
-8
Convert -44 (base 6) to base 15.
-1d
Convert -3 (base 8) to base 5.
-3
26 (base 13) to base 7
44
Convert -150 (base 12) to base 9.
-246
What is -3b (base 12) in base 16?
-2f
-1 (base 14) to base 2
-1
What is -31 (base 4) in base 9?
-14
Convert -34 (base 15) to base 2.
-110001
2 (base 7) to base 13
2
Convert 1000 (base 2) to base 7.
11
Convert -3 (base 15) to base 3.
-10
What is -101000 (base 2) in base 16?
-28
What is -32 (base 4) in base 14?
-10
What is -10 (base 7) in base 10?
-7
What is -17 (base 16) in base 8?
-27
Convert -2 (base 12) to base 10.
-2
Convert 66 (base 7) to base 15.
33
Convert c0 (base 16) to base 2.
11000000
1 (base 9) to base 10
1
Convert 21 (base 3) to base 7.
10
1 (base 14) to base 5
1
2 (base 15) to base 8
2
31 (base 10) to base 15
21
What is 123 (base 8) in base 3?
10002
What is -32 (base 5) in base 12?
-15
Convert -10 (base 11) to base 2.
-1011
Convert 23 (base 8) to base 3.
201
1000 (base 2) to base 7
11
3 (base 5) to base 12
3
Convert 1110 (base 3) to base 9.
43
What is 124 (base 9) in base 6?
251
3 (base 6) to base 11
3
Convert -2 (base 8) to base 10.
-2
Convert 0 (base 2) to base 12.
0
Convert -5 (base 10) to base 9.
-5
What is -6 (base 14) in base 13?
-6
What is -1d (base 14) in base 13?
-21
Convert 4 (base 13) to base 3.
11
What is -34 (base 11) in base 15?
-27
What is -1020 (base 3) in base 2?
-100001
-c (base 13) to base 14
-c
2 (base 4) to base 14
2
-22 (base 10) to base 6
-34
What is 1 (base 15) in base 8?
1
What is -1 (base 11) in base 2?
-1
What is 67 (base 15) in base 12?
81
What is 47 (base 12) in base 11?
50
Convert 7 (base 9) to base 15.
7
What is 1 (base 14) in base 6?
1
Convert 13b (base 12) to base 4.
2333
What is -3 (base 9) in base 12?
-3
10 (base 3) to base 13
3
Convert 2103 (base 4) to base 5.
1042
What is 1 (base 6) in base 15?
1
What is -126 (base 8) in base 10?
-86
What is 0 (base 9) in base 12?
0
-1 (base 6) to base 5
-1
What is 314 (base 6) in base 16?
76
What is -17 (base 16) in base 10?
-23
12 (base 11) to base 7
16
Convert -2 (base 9) to base 14.
-2
Convert -2 (base 16) to base 2.
-10
What is 29 (base 11) in base 4?
133
Convert 2 (base 8) to base 4.
2
Convert -12 (base 5) to base 6.
-11
2 (base 8) to base 3
2
-30 (base 12) to base 13
-2a
What is -110 (base 2) in base 12?
-6
-100 (base 2) to base 8
-4
111101 (base 2) to base 8
75
-1 (base 10) to base 5
-1
12 (base 16) to base 3
200
1 (base 9) to base 14
1
Convert 80 (base 15) to base 6.
320
Convert -46 (base 16) to base 14.
-50
Convert 1332 (base 5) to base 16.
d9
Convert -75 (base 10) to base 7.
-135
Convert 11 (base 2) to base 15.
3
Convert 313 (base 7) to base 5.
1112
What is -11 (base 7) in base 2?
-1000
322 (base 5) to base 9
106
Convert 14 (base 10) to base 4.
32
212 (base 3) to base 16
17
What is 30 (base 9) in base 11?
25
7 (base 9) to bas